is the greatest common factor of t and x?
23
Suppose -5*d - 68 = -0*d - 4*x, 5*d = -x - 58. Let n be (-4)/((1/170)/(3/d)). Calculate the greatest common factor of n and 68.
34
Suppose -45*g = -19052 - 33958. What is the greatest common factor of g and 38?
38
Let n be (-3)/(-6) - (-3)/2 - 96. Let w = n + 106. What is the highest common factor of 60 and w?
12
Suppose -4*l = -4*c + 44, 4*c - 3*c + 1 = -3*l. Let b(q) = -q**2 - q + 11. Let o be b(-9). Let d = o - -93. What is the highest common divisor of c and d?
8
Let s(d) = d**2 + 12*d + 15. Let j be (42/49)/((-1)/14). Let b be s(j). Let f = 3 - -2. Calculate the greatest common divisor of b and f.
5
Let u be ((-3)/2)/(33/(-154)). Suppose -4*g = -u*g + 240. What is the greatest common divisor of 32 and g?
16
Suppose -n + 600 = -3*t, -3*n - 4*t + 538 = -1327. What is the greatest common divisor of n and 82?
41
Suppose 3*i - 4*t - 135 - 7 = 0, 0 = 2*i + t - 113. Suppose -3*g - 12 = -i. What is the highest common factor of 35 and g?
7
Suppose 172*q - 208 = 156*q. Calculate the greatest common factor of 377 and q.
13
Let q be -2 - 1*-1 - (-51 - -43). Suppose -5*c = -0*c - 1235. Suppose m = -5*l + c, -4*m - 13 = -3*l + 126. Calculate the highest common divisor of q and l.
7
Suppose 0*o = -o. Suppose o = 2*t + 8, -6*t + 4 = 4*n - t. Let u(h) = -h**3 - 13*h**2 - 45*h + 9. Let d be u(-7). What is the greatest common factor of d and n?
6
Let u = -4 - -9. Let c(d) = 4*d**2 - 10*d + 12. Let g be c(u). Calculate the highest common divisor of g and 93.
31
Suppose -2*r = 41 - 169. Suppose 0 = -2*b + 3*b - 5*m - 2, 5*b + 2*m - 10 = 0. Suppose 9 = b*n - 23. Calculate the greatest common divisor of r and n.
16
Let d(m) = -m + 7. Let n be d(6). Let x(w) = w**3 + 5*w**2 - 7*w - 2. Let b be x(-6). Suppose -b*v = -1 - 3. What is the greatest common factor of v and n?
1
Let p be ((-70)/(-15) + -4)*24. Suppose 5*t + 0*b + 3*b = 191, 0 = t - 4*b - 52. Suppose t = c - p. Calculate the greatest common factor of 8 and c.
8
Let v(s) = -s**2 - 10*s + 18. Suppose -2*a - 41 + 19 = 0. Let x be v(a). Calculate the greatest common divisor of 7 and x.
7
Let h = 9 + -6. Let s be 134/h + (-10)/15. Suppose -n - 6 = -10. What is the highest common divisor of s and n?
4
Let o be 52/(8/12*3). Calculate the greatest common factor of 65 and o.
13
Let d be 39/(-26) + 1/2 - -5. What is the highest common factor of d and 1796?
4
Suppose 16*l = 41 + 23. Calculate the greatest common divisor of 18 and l.
2
Suppose 3*k = 2*k + 27. Let a = k + -19. Suppose a*x - 4*x = 96. What is the greatest common factor of 6 and x?
6
Let x = 124 + 52. What is the greatest common divisor of x and 132?
44
Suppose -5*a = -0*a + 165. Let o be (-76)/(-6)*a/(-22). Let g = o + -7. Calculate the highest common factor of 6 and g.
6
Let p be 1337/573*30/7. Calculate the highest common factor of p and 145.
5
Let n(l) = 55*l**2 - 19*l. Let s be n(-1). Calculate the greatest common factor of s and 16.
2
Suppose -4*l + 14 - 6 = 0. Suppose -o = 0, -2*a - 3*o - l*o = -42. Calculate the greatest common factor of a and 3.
3
Suppose 2*j + 3 = 1. Let d be (-14)/7 - (-5 + j). Let b be (d/12)/(5/60). What is the highest common divisor of b and 4?
4
Let f be 50/175 + (-9390)/(-14). What is the highest common divisor of f and 22?
11
Let w(r) = r**2 - r - 7. Let l be w(-4). Let j = 4 - l. Let y be 1/2 + j/(-18). Calculate the greatest common factor of 8 and y.
1
Let a(r) = r**2 - 39*r + 68. Let b be a(39). What is the greatest common divisor of b and 68?
68
Suppose -3*v - 2 + 8 = 0. Let r be -10*(v + 3/(-3)). Let n(q) = -2*q - 13. Let u be n(r). Calculate the greatest common factor of u and 35.
7
Let n be 9/((-135)/(-10)) - 2/3. Suppose n = -3*m - 3*m + 90. What is the greatest common divisor of 15 and m?
15
Suppose -2*f = -11*f + 27. What is the greatest common divisor of 19 and f?
1
Let o(n) = n**2 + 40*n + 103. Let x be o(-40). What is the highest common factor of x and 3193?
103
Suppose -3*m - 4*n = -88, 9*m + 2*n - 114 = 5*m. Calculate the highest common divisor of 420 and m.
28
Let k(o) = -39*o - 10. Let b be k(-13). What is the highest common factor of 7 and b?
7
Let l = -1823 - -1915. What is the greatest common divisor of 44 and l?
4
Let i(b) = -b**3 + 35*b**2 - 68*b + 72. Let l be i(33). Calculate the greatest common factor of 26 and l.
2
Let b be (3/(-3))/((-3)/9). Suppose 23 + 31 = b*s. Calculate the highest common factor of s and 36.
18
Let y be 26 - 0 - (0 + 3). Calculate the greatest common factor of y and 69.
23
Let x(g) = -g**2 + 68*g + 1059. Let i be x(78). Calculate the greatest common factor of i and 72.
9
Let f be ((-36)/15)/(14/(-455)). Calculate the greatest common factor of f and 2418.
78
Let l(j) = 32*j - 393. Let k be l(13). Calculate the greatest common factor of 368 and k.
23
Suppose 104 = 13*m - 11*m. Calculate the highest common divisor of 52 and m.
52
Suppose -9*c + 143 = -19. What is the greatest common divisor of c and 21?
3
Let q be (-7)/(-3) - 6/18. Suppose -2*y = q*y - 12. Suppose y*d - d - 90 = 0. What is the greatest common divisor of d and 18?
9
Suppose 9*a - 3*a = 1500. What is the highest common factor of a and 10?
10
Let u be (2 + 45/(-10))*(-25 - -1). Calculate the highest common divisor of 1200 and u.
60
Let v = 184 - 120. Let f = 89 - v. Calculate the highest common factor of f and 10.
5
Let j(r) = r**2 + 11*r - 3. Let o be j(-8). Let z be 188/36 + 6/o. Suppose c = 2*c - 1. Calculate the highest common factor of c and z.
1
Let c(w) = 2*w + 5. Let l be ((-450)/24)/(3/8). Let i be (4 - 1)/((-15)/l). Let x be c(i). What is the highest common factor of x and 100?
25
Suppose -u - 2*u = i - 143, 5*i - 695 = 5*u. Let s = 33 - 40. Let z be (1/(-3))/(s/1176). Calculate the greatest common divisor of z and i.
28
Let a be 60/70*308/1. What is the highest common divisor of 24 and a?
24
Let t = -347 - -386. Calculate the greatest common factor of t and 702.
39
Let i = 16 + -41. Let l = 37 + i. What is the greatest common factor of 108 and l?
12
Let d = 9 - -63. Suppose 14 = u - 3*p, 14 = -4*p + 6. What is the highest common factor of d and u?
8
Suppose 15*o - 458 = 982. Calculate the highest common factor of 224 and o.
32
Let a be (-15*2)/((-1)/2). Let l(r) = r**2 + r + 25. Let m be l(0). Suppose -4*p + 0*i + m = -i, -p = -5*i - 11. Calculate the highest common factor of p and a.
6
Suppose -3*y = 2*c - 0*c - 60, 5*c - 128 = -2*y. Let n = -21 + c. Let b be (4 - 7)*2/(-2). What is the greatest common divisor of b and n?
3
Let h = 367 + 17. What is the highest common divisor of 48 and h?
48
Let d be 140/((33/(-11))/((-30)/4)). What is the highest common divisor of d and 5?
5
Let n = -40 + 98. What is the greatest common divisor of n and 464?
58
Let u be -1*4*(-2)/8. Suppose 0 = -o - 4*t + u, o + 5*t = -1. Calculate the highest common divisor of 63 and o.
9
Let g = -26 - -28. Suppose 22 = 2*m - g*s, m - 15 = -3*s - 0*s. Calculate the greatest common factor of m and 30.
6
Let w be 6/2 + -5 + 46. Let v = 14 - 3. What is the greatest common divisor of w and v?
11
Let r be 22 + 35/21*(-2 + 5). Suppose -v + 1 = -2. What is the highest common factor of v and r?
3
Let z = -3 + 8. Suppose -223 = -z*k + 232. Suppose -4*m - 27 = -k. What is the greatest common factor of 8 and m?
8
Let i(b) = 28*b + 10. Let j be i(-20). Let h be (6/5)/((-30)/j). What is the highest common divisor of 242 and h?
22
Let s be ((-1)/2)/((-12)/528). What is the highest common factor of s and 638?
22
Let n = 506 + -391. What is the highest common factor of n and 5?
5
Suppose -z + 95 = -85. Calculate the greatest common factor of z and 240.
60
Suppose 11*a = a + 550. What is the highest common divisor of a and 77?
11
Let k = -149 - -248. Suppose 9 = -5*y - 16. Let u be 2 + ((-38)/y - 3/5). What is the greatest common factor of k and u?
9
Let m(u) = u**3 - 7*u**2 - 9*u + 6. Let d be m(8). Let g = -4 - d. Let v be 1/(8/(-20))*g. What is the greatest common divisor of 2 and v?
1
Let u be 3 + (-18)/(((-75)/110)/5). Calculate the greatest common divisor of 15 and u.
15
Let g(i) = i**3 + 36*i**2 + 20*i + 64. Let s be g(-35). Calculate the greatest common divisor of 57 and s.
19
Let i(l) = -l**2 - 5*l - 2. Let k be i(-4). Let v be ((2 - 2)/k)/(-1). Suppose -5*n + v*n + 405 = 0. What is the hi